{"id":226,"date":"2021-07-08T00:30:53","date_gmt":"2021-07-07T22:30:53","guid":{"rendered":"https:\/\/aktivitetshuset.vidsel.se\/?page_id=226"},"modified":"2026-03-27T00:12:17","modified_gmt":"2026-03-26T23:12:17","slug":"hem","status":"publish","type":"page","link":"https:\/\/aktivitetshuset.vidsel.se\/","title":{"rendered":"Hem"},"content":{"rendered":"<h2>Vidsels Aktivitetshus<\/h2>\n<h5><strong>V\u00e4lkommen till v\u00e5r hemsida. H\u00e4r kan du l\u00e4sa om v\u00e5rt arbete i Aktivitetshuset, hur allt b\u00f6rjade och hur du kan vara med och bidra genom att bli och vara medlem i f\u00f6reningen.<\/strong><\/h5>\n<h5>&nbsp;<\/h5>\n<h5><strong>Vi \u00e4r i stort klara med renoveringen av fastigheten.<\/strong><\/h5>\n<h5><strong>Vi har inte l\u00e4ngre Friskolan som hyresg\u00e4st och kommunen har dragit in arbetsplatserna. Ekonomiskt g\u00e5r vi nu back varje m\u00e5nad. Vi har av den anledningen ett stort behov att f\u00e5 in kapital f\u00f6r att st\u00e4rka v\u00e5r kassa och v\u00e5r fortsatta drift. Vi beh\u00f6ver Din hj\u00e4lp!&nbsp;<\/strong><\/h5>\n<p><strong>&nbsp;<\/strong><\/p>\n<h5><strong>Nu \u00e4r det \u00e5r 2026 och m\u00e5nga av v\u00e5ra medlemmar har betalt \u00e5rets serviceavgift. Vi v\u00e4lkomnar nya medlemmar och du kan ocks\u00e5 sk\u00e4nka ett valfritt belopp till Aktivitetshuset, d\u00e5 <\/strong><strong style=\"font-size: 18px;\">m\u00e4rker du &#8221;Hj\u00e4lp&#8221; f\u00f6r ditt bidrag till Aktivitetshuset,&nbsp; via Swish 123 309 79 46 eller Bankgiro 5664-5633<\/strong><\/h5>\n<h2>Stort tack till alla gener\u00f6sa givare! M\u00e5let med insamlingen till storbilds-TVn \u00e4r uppn\u00e5tt och d\u00e4rmed \u00e4r insamlingen avslutad.<\/h2>\n<p>\t\t\t\t\t\t\t\t\t\t\t\t\t\t\t<img decoding=\"async\" width=\"755\" height=\"321\" src=\"https:\/\/aktivitetshuset.vidsel.se\/wp-content\/uploads\/2021\/11\/girls-5775077_1920-e1636540517896-1024x435.jpg\" alt=\"\" loading=\"lazy\" srcset=\"https:\/\/aktivitetshuset.vidsel.se\/wp-content\/uploads\/2021\/11\/girls-5775077_1920-e1636540517896-1024x435.jpg 1024w, https:\/\/aktivitetshuset.vidsel.se\/wp-content\/uploads\/2021\/11\/girls-5775077_1920-e1636540517896-300x128.jpg 300w, https:\/\/aktivitetshuset.vidsel.se\/wp-content\/uploads\/2021\/11\/girls-5775077_1920-e1636540517896-768x326.jpg 768w, https:\/\/aktivitetshuset.vidsel.se\/wp-content\/uploads\/2021\/11\/girls-5775077_1920-e1636540517896-1536x653.jpg 1536w, https:\/\/aktivitetshuset.vidsel.se\/wp-content\/uploads\/2021\/11\/girls-5775077_1920-e1636540517896.jpg 1920w\" sizes=\"auto, (max-width: 755px) 100vw, 755px\" \/>\t\t\t\t\t\t\t\t\t\t\t\t\t\t\t<\/p>\n<p>Vi har en vision om att kunna tr\u00e4ffas och umg\u00e5s i Aktivitetshuset och genom olika aktiviteter ska det finnas n\u00e5got som passar alla.<\/p>\n<p>Nu har vi TVn p\u00e5 plats, s\u00e5 det g\u00e5r bra att tr\u00e4ffas f\u00f6r sportkv\u00e4llar och se en hockey- eller fotbollsmatch, se en film eller kanske Melodifestivalen tillsammans. Du loggar in med din telefon p\u00e5 v\u00e5rt n\u00e4tverk, sedan kan du Cromecasta ditt eget favoritprogram.<\/p>\n<p>Tv:n kommer ocks\u00e5 till anv\u00e4ndning f\u00f6r presentationer med bra uppl\u00f6sning under konferenser, kurser och m\u00f6ten.<\/p>\n<p><strong>Vi erbjuder \u00e4ven Dig som medlem att hyra lokalen och anv\u00e4nda en bra storbilds-TV f\u00f6r egna tillst\u00e4llningar<\/strong><\/p>\n<p>\t\t\t\t\t\t\t\t\t\t\t\t\t\t\t<img decoding=\"async\" width=\"300\" height=\"172\" src=\"https:\/\/aktivitetshuset.vidsel.se\/wp-content\/uploads\/2021\/11\/Storbildstv-e1636536767797-300x172.jpg\" alt=\"\" loading=\"lazy\" srcset=\"https:\/\/aktivitetshuset.vidsel.se\/wp-content\/uploads\/2021\/11\/Storbildstv-e1636536767797-300x172.jpg 300w, https:\/\/aktivitetshuset.vidsel.se\/wp-content\/uploads\/2021\/11\/Storbildstv-e1636536767797-768x441.jpg 768w, https:\/\/aktivitetshuset.vidsel.se\/wp-content\/uploads\/2021\/11\/Storbildstv-e1636536767797.jpg 786w\" sizes=\"auto, (max-width: 300px) 100vw, 300px\" \/>\t\t\t\t\t\t\t\t\t\t\t\t\t\t\t<\/p>\n<p>Tv:n vi k\u00f6pt \u00e4r en 75\u201d <b>Samsung QN 95B 4K Neo QLED\u00a0TV<\/b>&#8221;.<\/p>\n<p>Tyv\u00e4rr, alla prish\u00f6jningar, har gjort att vi inte har k\u00f6pt n\u00e5gon ljudanl\u00e4ggning \u00e4nnu.<\/p>\n<p>\u00a0<\/p>\n<p>Insamlingen \u00e4r avslutad, men du f\u00e5r g\u00e4rna sk\u00e4nka en slant f\u00f6r att finansiera tillbeh\u00f6ren till TVn.&nbsp;<\/p>\n<p style=\"text-align: left;\"><strong>Tack f\u00f6r ditt st\u00f6d!<\/strong><\/p>\n<h2>Vi har tre motorv\u00e4rmarplatser f\u00f6r uthyrning, se fliken &#8221;Om oss&#8221;.<\/p>\n<p>F\u00f6r hyra av motorv\u00e4rmarplatser kontaktar du Harry via SMS p\u00e5 telefon 070-604 25 72.<\/p>\n<p>Slutf\u00f6rda projekt<\/h2>\n<p>F\u00f6r att l\u00e4sa om v\u00e5ra slutf\u00f6rda projekt och allt arbete som gjorts, klicka <a href=\"https:\/\/aktivitetshuset.vidsel.se\/index.php\/slutforda-projekt\/\"><strong>H\u00c4R<\/strong><\/a><\/p>\n<p>\t\t\t\t\t\t\t\t\t\t\t\t\t\t\t<img decoding=\"async\" src=\"https:\/\/aktivitetshuset.vidsel.se\/wp-content\/uploads\/elementor\/thumbs\/20220818_203238-scaled-q0u1vxbvub7xkzgtdggwlje8zh0cb1hhhzqqjjw2mo.jpg\" title=\"Handikappramp\" alt=\"Handikappramp\" \/><\/p>\n","protected":false},"excerpt":{"rendered":"<p>Vidsels Aktivitetshus V\u00e4lkommen till v\u00e5r hemsida. H\u00e4r kan du l\u00e4sa om v\u00e5rt arbete i Aktivitetshuset, hur allt b\u00f6rjade och hur du kan vara med och bidra genom att bli och vara medlem i f\u00f6reningen. &nbsp; Vi \u00e4r i stort klara<\/p>\n","protected":false},"author":3,"featured_media":0,"parent":0,"menu_order":0,"comment_status":"closed","ping_status":"closed","template":"","meta":{"footnotes":""},"class_list":["post-226","page","type-page","status-publish","hentry"],"yoast_head":"<!-- This site is optimized with the Yoast SEO plugin v18.1 - https:\/\/yoast.com\/wordpress\/plugins\/seo\/ -->\r\n<title>Aktivitetshuset i Vidsel -<\/title>\r\n<meta name=\"description\" content=\"V\u00e4lkommen till v\u00e5r hemsida. H\u00e4r kan du bland annat l\u00e4sa om v\u00e5rt arbete i Aktivitetshuset, hur allt b\u00f6rjade och hur du kan vara med och bidra genom att bli medlem i f\u00f6reningen.\" \/>\r\n<meta name=\"robots\" content=\"index, follow, max-snippet:-1, max-image-preview:large, max-video-preview:-1\" \/>\r\n<link rel=\"canonical\" href=\"https:\/\/aktivitetshuset.vidsel.se\/\" \/>\r\n<meta property=\"og:locale\" content=\"sv_SE\" \/>\r\n<meta property=\"og:type\" content=\"article\" \/>\r\n<meta property=\"og:title\" content=\"Aktivitetshuset i Vidsel -\" \/>\r\n<meta property=\"og:description\" content=\"V\u00e4lkommen till v\u00e5r hemsida. H\u00e4r kan du bland annat l\u00e4sa om v\u00e5rt arbete i Aktivitetshuset, hur allt b\u00f6rjade och hur du kan vara med och bidra genom att bli medlem i f\u00f6reningen.\" \/>\r\n<meta property=\"og:url\" content=\"https:\/\/aktivitetshuset.vidsel.se\/\" \/>\r\n<meta property=\"article:modified_time\" content=\"2026-03-26T23:12:17+00:00\" \/>\r\n<meta property=\"og:image\" content=\"https:\/\/aktivitetshuset.vidsel.se\/wp-content\/uploads\/2021\/11\/girls-5775077_1920-e1636540517896-1024x435.jpg\" \/>\r\n<meta name=\"twitter:card\" content=\"summary_large_image\" \/>\r\n<meta name=\"twitter:label1\" content=\"Ber\u00e4knad l\u00e4stid\" \/>\n\t<meta name=\"twitter:data1\" content=\"3 minuter\" \/>\r\n<script type=\"application\/ld+json\" class=\"yoast-schema-graph\">{\"@context\":\"https:\/\/schema.org\",\"@graph\":[{\"@type\":\"Organization\",\"@id\":\"https:\/\/aktivitetshuset.vidsel.se\/#organization\",\"name\":\"Vidsels Aktivitetshus Ekonomisk F\u00f6rening\",\"url\":\"https:\/\/aktivitetshuset.vidsel.se\/\",\"sameAs\":[],\"logo\":{\"@type\":\"ImageObject\",\"@id\":\"https:\/\/aktivitetshuset.vidsel.se\/#logo\",\"inLanguage\":\"sv-SE\",\"url\":\"https:\/\/aktivitetshuset.vidsel.se\/wp-content\/uploads\/2021\/06\/Logga2.png\",\"contentUrl\":\"https:\/\/aktivitetshuset.vidsel.se\/wp-content\/uploads\/2021\/06\/Logga2.png\",\"width\":1084,\"height\":439,\"caption\":\"Vidsels Aktivitetshus Ekonomisk F\u00f6rening\"},\"image\":{\"@id\":\"https:\/\/aktivitetshuset.vidsel.se\/#logo\"}},{\"@type\":\"WebSite\",\"@id\":\"https:\/\/aktivitetshuset.vidsel.se\/#website\",\"url\":\"https:\/\/aktivitetshuset.vidsel.se\/\",\"name\":\"Vidsels Aktivitetshus\",\"description\":\"\",\"publisher\":{\"@id\":\"https:\/\/aktivitetshuset.vidsel.se\/#organization\"},\"potentialAction\":[{\"@type\":\"SearchAction\",\"target\":{\"@type\":\"EntryPoint\",\"urlTemplate\":\"https:\/\/aktivitetshuset.vidsel.se\/?s={search_term_string}\"},\"query-input\":\"required name=search_term_string\"}],\"inLanguage\":\"sv-SE\"},{\"@type\":\"ImageObject\",\"@id\":\"https:\/\/aktivitetshuset.vidsel.se\/#primaryimage\",\"inLanguage\":\"sv-SE\",\"url\":\"https:\/\/aktivitetshuset.vidsel.se\/wp-content\/uploads\/2021\/11\/girls-5775077_1920-e1636540517896.jpg\",\"contentUrl\":\"https:\/\/aktivitetshuset.vidsel.se\/wp-content\/uploads\/2021\/11\/girls-5775077_1920-e1636540517896.jpg\",\"width\":1920,\"height\":816},{\"@type\":\"WebPage\",\"@id\":\"https:\/\/aktivitetshuset.vidsel.se\/#webpage\",\"url\":\"https:\/\/aktivitetshuset.vidsel.se\/\",\"name\":\"Aktivitetshuset i Vidsel -\",\"isPartOf\":{\"@id\":\"https:\/\/aktivitetshuset.vidsel.se\/#website\"},\"primaryImageOfPage\":{\"@id\":\"https:\/\/aktivitetshuset.vidsel.se\/#primaryimage\"},\"datePublished\":\"2021-07-07T22:30:53+00:00\",\"dateModified\":\"2026-03-26T23:12:17+00:00\",\"description\":\"V\u00e4lkommen till v\u00e5r hemsida. H\u00e4r kan du bland annat l\u00e4sa om v\u00e5rt arbete i Aktivitetshuset, hur allt b\u00f6rjade och hur du kan vara med och bidra genom att bli medlem i f\u00f6reningen.\",\"breadcrumb\":{\"@id\":\"https:\/\/aktivitetshuset.vidsel.se\/#breadcrumb\"},\"inLanguage\":\"sv-SE\",\"potentialAction\":[{\"@type\":\"ReadAction\",\"target\":[\"https:\/\/aktivitetshuset.vidsel.se\/\"]}]},{\"@type\":\"BreadcrumbList\",\"@id\":\"https:\/\/aktivitetshuset.vidsel.se\/#breadcrumb\",\"itemListElement\":[{\"@type\":\"ListItem\",\"position\":1,\"name\":\"Hem\",\"item\":\"https:\/\/aktivitetshuset.vidsel.se\/\"},{\"@type\":\"ListItem\",\"position\":2,\"name\":\"Hem\"}]}]}<\/script>\r\n<!-- \/ Yoast SEO plugin. -->","yoast_head_json":{"title":"Aktivitetshuset i Vidsel -","description":"V\u00e4lkommen till v\u00e5r hemsida. H\u00e4r kan du bland annat l\u00e4sa om v\u00e5rt arbete i Aktivitetshuset, hur allt b\u00f6rjade och hur du kan vara med och bidra genom att bli medlem i f\u00f6reningen.","robots":{"index":"index","follow":"follow","max-snippet":"max-snippet:-1","max-image-preview":"max-image-preview:large","max-video-preview":"max-video-preview:-1"},"canonical":"https:\/\/aktivitetshuset.vidsel.se\/","og_locale":"sv_SE","og_type":"article","og_title":"Aktivitetshuset i Vidsel -","og_description":"V\u00e4lkommen till v\u00e5r hemsida. H\u00e4r kan du bland annat l\u00e4sa om v\u00e5rt arbete i Aktivitetshuset, hur allt b\u00f6rjade och hur du kan vara med och bidra genom att bli medlem i f\u00f6reningen.","og_url":"https:\/\/aktivitetshuset.vidsel.se\/","article_modified_time":"2026-03-26T23:12:17+00:00","og_image":[{"url":"https:\/\/aktivitetshuset.vidsel.se\/wp-content\/uploads\/2021\/11\/girls-5775077_1920-e1636540517896-1024x435.jpg"}],"twitter_card":"summary_large_image","twitter_misc":{"Ber\u00e4knad l\u00e4stid":"3 minuter"},"schema":{"@context":"https:\/\/schema.org","@graph":[{"@type":"Organization","@id":"https:\/\/aktivitetshuset.vidsel.se\/#organization","name":"Vidsels Aktivitetshus Ekonomisk F\u00f6rening","url":"https:\/\/aktivitetshuset.vidsel.se\/","sameAs":[],"logo":{"@type":"ImageObject","@id":"https:\/\/aktivitetshuset.vidsel.se\/#logo","inLanguage":"sv-SE","url":"https:\/\/aktivitetshuset.vidsel.se\/wp-content\/uploads\/2021\/06\/Logga2.png","contentUrl":"https:\/\/aktivitetshuset.vidsel.se\/wp-content\/uploads\/2021\/06\/Logga2.png","width":1084,"height":439,"caption":"Vidsels Aktivitetshus Ekonomisk F\u00f6rening"},"image":{"@id":"https:\/\/aktivitetshuset.vidsel.se\/#logo"}},{"@type":"WebSite","@id":"https:\/\/aktivitetshuset.vidsel.se\/#website","url":"https:\/\/aktivitetshuset.vidsel.se\/","name":"Vidsels Aktivitetshus","description":"","publisher":{"@id":"https:\/\/aktivitetshuset.vidsel.se\/#organization"},"potentialAction":[{"@type":"SearchAction","target":{"@type":"EntryPoint","urlTemplate":"https:\/\/aktivitetshuset.vidsel.se\/?s={search_term_string}"},"query-input":"required name=search_term_string"}],"inLanguage":"sv-SE"},{"@type":"ImageObject","@id":"https:\/\/aktivitetshuset.vidsel.se\/#primaryimage","inLanguage":"sv-SE","url":"https:\/\/aktivitetshuset.vidsel.se\/wp-content\/uploads\/2021\/11\/girls-5775077_1920-e1636540517896.jpg","contentUrl":"https:\/\/aktivitetshuset.vidsel.se\/wp-content\/uploads\/2021\/11\/girls-5775077_1920-e1636540517896.jpg","width":1920,"height":816},{"@type":"WebPage","@id":"https:\/\/aktivitetshuset.vidsel.se\/#webpage","url":"https:\/\/aktivitetshuset.vidsel.se\/","name":"Aktivitetshuset i Vidsel -","isPartOf":{"@id":"https:\/\/aktivitetshuset.vidsel.se\/#website"},"primaryImageOfPage":{"@id":"https:\/\/aktivitetshuset.vidsel.se\/#primaryimage"},"datePublished":"2021-07-07T22:30:53+00:00","dateModified":"2026-03-26T23:12:17+00:00","description":"V\u00e4lkommen till v\u00e5r hemsida. H\u00e4r kan du bland annat l\u00e4sa om v\u00e5rt arbete i Aktivitetshuset, hur allt b\u00f6rjade och hur du kan vara med och bidra genom att bli medlem i f\u00f6reningen.","breadcrumb":{"@id":"https:\/\/aktivitetshuset.vidsel.se\/#breadcrumb"},"inLanguage":"sv-SE","potentialAction":[{"@type":"ReadAction","target":["https:\/\/aktivitetshuset.vidsel.se\/"]}]},{"@type":"BreadcrumbList","@id":"https:\/\/aktivitetshuset.vidsel.se\/#breadcrumb","itemListElement":[{"@type":"ListItem","position":1,"name":"Hem","item":"https:\/\/aktivitetshuset.vidsel.se\/"},{"@type":"ListItem","position":2,"name":"Hem"}]}]}},"_links":{"self":[{"href":"https:\/\/aktivitetshuset.vidsel.se\/index.php\/wp-json\/wp\/v2\/pages\/226","targetHints":{"allow":["GET"]}}],"collection":[{"href":"https:\/\/aktivitetshuset.vidsel.se\/index.php\/wp-json\/wp\/v2\/pages"}],"about":[{"href":"https:\/\/aktivitetshuset.vidsel.se\/index.php\/wp-json\/wp\/v2\/types\/page"}],"author":[{"embeddable":true,"href":"https:\/\/aktivitetshuset.vidsel.se\/index.php\/wp-json\/wp\/v2\/users\/3"}],"replies":[{"embeddable":true,"href":"https:\/\/aktivitetshuset.vidsel.se\/index.php\/wp-json\/wp\/v2\/comments?post=226"}],"version-history":[{"count":230,"href":"https:\/\/aktivitetshuset.vidsel.se\/index.php\/wp-json\/wp\/v2\/pages\/226\/revisions"}],"predecessor-version":[{"id":2103,"href":"https:\/\/aktivitetshuset.vidsel.se\/index.php\/wp-json\/wp\/v2\/pages\/226\/revisions\/2103"}],"wp:attachment":[{"href":"https:\/\/aktivitetshuset.vidsel.se\/index.php\/wp-json\/wp\/v2\/media?parent=226"}],"curies":[{"name":"wp","href":"https:\/\/api.w.org\/{rel}","templated":true}]}}