{"id":108,"date":"2021-06-06T21:00:57","date_gmt":"2021-06-06T19:00:57","guid":{"rendered":"https:\/\/aktivitetshuset.vidsel.se\/?page_id=108"},"modified":"2021-07-07T20:50:00","modified_gmt":"2021-07-07T18:50:00","slug":"gdpr","status":"publish","type":"page","link":"https:\/\/aktivitetshuset.vidsel.se\/index.php\/gdpr\/","title":{"rendered":"GDPR"},"content":{"rendered":"\t\t<div data-elementor-type=\"wp-page\" data-elementor-id=\"108\" class=\"elementor elementor-108\" data-elementor-settings=\"[]\">\n\t\t\t\t\t\t\t<div class=\"elementor-section-wrap\">\n\t\t\t\t\t\t\t<section class=\"elementor-section elementor-top-section elementor-element elementor-element-017c994 elementor-section-boxed elementor-section-height-default elementor-section-height-default\" data-id=\"017c994\" data-element_type=\"section\">\n\t\t\t\t\t\t<div class=\"elementor-container elementor-column-gap-default\">\n\t\t\t\t\t<div class=\"elementor-column elementor-col-100 elementor-top-column elementor-element elementor-element-a944b1f\" data-id=\"a944b1f\" data-element_type=\"column\">\n\t\t\t<div class=\"elementor-widget-wrap elementor-element-populated\">\n\t\t\t\t\t\t\t\t<section class=\"elementor-section elementor-inner-section elementor-element elementor-element-8f1fbc4 elementor-section-boxed elementor-section-height-default elementor-section-height-default\" data-id=\"8f1fbc4\" data-element_type=\"section\">\n\t\t\t\t\t\t<div class=\"elementor-container elementor-column-gap-default\">\n\t\t\t\t\t<div class=\"elementor-column elementor-col-100 elementor-inner-column elementor-element elementor-element-2750c21\" data-id=\"2750c21\" data-element_type=\"column\">\n\t\t\t<div class=\"elementor-widget-wrap elementor-element-populated\">\n\t\t\t\t\t\t\t\t<div class=\"elementor-element elementor-element-8c067ba elementor-widget elementor-widget-text-editor\" data-id=\"8c067ba\" data-element_type=\"widget\" data-widget_type=\"text-editor.default\">\n\t\t\t\t<div class=\"elementor-widget-container\">\n\t\t\t\t\t\t\t<p><span style=\"color: #000000;\">Vi hanterar personuppgifter i enlighet med dataskyddsf\u00f6rordningen GDPR, l\u00e4s mer p\u00e5<span style=\"color: #0000ff;\">\u00a0<a style=\"color: #0000ff;\" href=\"http:\/\/www.imy.se\/\" target=\"_blank\" rel=\"noopener\" data-saferedirecturl=\"https:\/\/www.google.com\/url?q=http:\/\/www.imy.se&amp;source=gmail&amp;ust=1623069280627000&amp;usg=AFQjCNFDqxCob5alrqU9bzoMGLpV3OPr3g\">www.imy.se<\/a>.<\/span><\/span><\/p><p style=\"font-weight: 400;\"><span style=\"color: #000000;\">Som medlem l\u00e4mnar du ditt samtycke till att vi lagrar dina personuppgifter f\u00f6r att kunna f\u00f6ra medlemsregister och kontakta dig med information g\u00e4llande f\u00f6reningen, dess verksamhet samt l\u00f6pande skicka ut inbetalningskort f\u00f6r fortsatt medlemskap.<\/span><\/p><p><span style=\"color: #000000;\">De personuppgifter vi behandlar \u00e4r\u00a0<strong>namn, adress, e-post och telefonnummer<\/strong>.<\/span><\/p><p style=\"font-weight: 400;\"><span style=\"color: #000000;\">Personuppgifterna lagras s\u00e5 l\u00e4nge du \u00e4r medlem.<\/span><\/p><p><span style=\"color: #000000;\">Du kan n\u00e4r som helst \u00e5terkalla ditt samtycke genom att kontakta oss via mail: <a href=\"mailto:aktivitetshuset@vidsel.se\" target=\"_blank\" rel=\"noopener\">aktivitetshuset@vidsel.se<\/a>. \u00c5terkallelse av samtycke leder till att du inte l\u00e4ngre \u00e4r medlem i f\u00f6reningen.<\/span><\/p><p><span style=\"color: #000000;\">Det \u00e4r endast f\u00f6reningens styrelse som har tillg\u00e5ng till medlemsregistret. Vi l\u00e4mnar inte ut dina personuppgifter till tredje part.<\/span><\/p><p><span style=\"color: #000000;\">Du har r\u00e4tt att<\/span><\/p><ul><li><span style=\"color: #000000;\">F\u00e5 tillg\u00e5ng till dina lagrade personuppgifter<\/span><\/li><li><span style=\"color: #000000;\">F\u00e5 felaktiga personuppgifter r\u00e4ttade<\/span><\/li><li><span style=\"color: #000000;\">F\u00e5 dina personuppgifter raderade om de inte l\u00e4ngre \u00e4r n\u00f6dv\u00e4ndiga<\/span><\/li><li><span style=\"color: #000000;\">F\u00e5 veta hur l\u00e4nge vi lagrar dina personuppgifter<\/span><\/li><li><span style=\"color: #000000;\">Skicka eventuella klagom\u00e5l g\u00e4llande hanteringen av dina personuppgifter till IMY.<\/span><\/li><\/ul>\t\t\t\t\t\t<\/div>\n\t\t\t\t<\/div>\n\t\t\t\t\t<\/div>\n\t\t<\/div>\n\t\t\t\t\t\t\t<\/div>\n\t\t<\/section>\n\t\t\t\t\t<\/div>\n\t\t<\/div>\n\t\t\t\t\t\t\t<\/div>\n\t\t<\/section>\n\t\t\t\t<section class=\"elementor-section elementor-top-section elementor-element elementor-element-9d490fa elementor-section-boxed elementor-section-height-default elementor-section-height-default\" data-id=\"9d490fa\" data-element_type=\"section\">\n\t\t\t\t\t\t<div class=\"elementor-container elementor-column-gap-default\">\n\t\t\t\t\t<div class=\"elementor-column elementor-col-100 elementor-top-column elementor-element elementor-element-bdb85b1\" data-id=\"bdb85b1\" data-element_type=\"column\">\n\t\t\t<div class=\"elementor-widget-wrap elementor-element-populated\">\n\t\t\t\t\t\t\t\t<div class=\"elementor-element elementor-element-cce60bd elementor-widget elementor-widget-spacer\" data-id=\"cce60bd\" data-element_type=\"widget\" data-widget_type=\"spacer.default\">\n\t\t\t\t<div class=\"elementor-widget-container\">\n\t\t\t\t\t<div class=\"elementor-spacer\">\n\t\t\t<div class=\"elementor-spacer-inner\"><\/div>\n\t\t<\/div>\n\t\t\t\t<\/div>\n\t\t\t\t<\/div>\n\t\t\t\t\t<\/div>\n\t\t<\/div>\n\t\t\t\t\t\t\t<\/div>\n\t\t<\/section>\n\t\t\t\t\t\t<\/div>\n\t\t\t\t\t<\/div>\n\t\t","protected":false},"excerpt":{"rendered":"<p>Vi hanterar personuppgifter i enlighet med dataskyddsf\u00f6rordningen GDPR, l\u00e4s mer p\u00e5\u00a0www.imy.se. Som medlem l\u00e4mnar du ditt samtycke till att vi lagrar dina personuppgifter f\u00f6r att kunna f\u00f6ra medlemsregister och kontakta dig med information g\u00e4llande f\u00f6reningen, dess verksamhet samt l\u00f6pande skicka<\/p>\n","protected":false},"author":3,"featured_media":0,"parent":0,"menu_order":0,"comment_status":"closed","ping_status":"closed","template":"","meta":{"footnotes":""},"class_list":["post-108","page","type-page","status-publish","hentry"],"yoast_head":"<!-- This site is optimized with the Yoast SEO plugin v18.1 - https:\/\/yoast.com\/wordpress\/plugins\/seo\/ -->\r\n<title>GDPR -<\/title>\r\n<meta name=\"robots\" content=\"index, follow, max-snippet:-1, max-image-preview:large, max-video-preview:-1\" \/>\r\n<link rel=\"canonical\" href=\"https:\/\/aktivitetshuset.vidsel.se\/index.php\/gdpr\/\" \/>\r\n<meta property=\"og:locale\" content=\"sv_SE\" \/>\r\n<meta property=\"og:type\" content=\"article\" \/>\r\n<meta property=\"og:title\" content=\"GDPR -\" \/>\r\n<meta property=\"og:description\" content=\"Vi hanterar personuppgifter i enlighet med dataskyddsf\u00f6rordningen GDPR, l\u00e4s mer p\u00e5\u00a0www.imy.se. Som medlem l\u00e4mnar du ditt samtycke till att vi lagrar dina personuppgifter f\u00f6r att kunna f\u00f6ra medlemsregister och kontakta dig med information g\u00e4llande f\u00f6reningen, dess verksamhet samt l\u00f6pande skicka\" \/>\r\n<meta property=\"og:url\" content=\"https:\/\/aktivitetshuset.vidsel.se\/index.php\/gdpr\/\" \/>\r\n<meta property=\"article:modified_time\" content=\"2021-07-07T18:50:00+00:00\" \/>\r\n<meta name=\"twitter:card\" content=\"summary_large_image\" \/>\r\n<meta name=\"twitter:label1\" content=\"Ber\u00e4knad l\u00e4stid\" \/>\n\t<meta name=\"twitter:data1\" content=\"1 minut\" \/>\r\n<script type=\"application\/ld+json\" class=\"yoast-schema-graph\">{\"@context\":\"https:\/\/schema.org\",\"@graph\":[{\"@type\":\"Organization\",\"@id\":\"https:\/\/aktivitetshuset.vidsel.se\/#organization\",\"name\":\"Vidsels Aktivitetshus Ekonomisk F\u00f6rening\",\"url\":\"https:\/\/aktivitetshuset.vidsel.se\/\",\"sameAs\":[],\"logo\":{\"@type\":\"ImageObject\",\"@id\":\"https:\/\/aktivitetshuset.vidsel.se\/#logo\",\"inLanguage\":\"sv-SE\",\"url\":\"https:\/\/aktivitetshuset.vidsel.se\/wp-content\/uploads\/2021\/06\/Logga2.png\",\"contentUrl\":\"https:\/\/aktivitetshuset.vidsel.se\/wp-content\/uploads\/2021\/06\/Logga2.png\",\"width\":1084,\"height\":439,\"caption\":\"Vidsels Aktivitetshus Ekonomisk F\u00f6rening\"},\"image\":{\"@id\":\"https:\/\/aktivitetshuset.vidsel.se\/#logo\"}},{\"@type\":\"WebSite\",\"@id\":\"https:\/\/aktivitetshuset.vidsel.se\/#website\",\"url\":\"https:\/\/aktivitetshuset.vidsel.se\/\",\"name\":\"Vidsels Aktivitetshus\",\"description\":\"\",\"publisher\":{\"@id\":\"https:\/\/aktivitetshuset.vidsel.se\/#organization\"},\"potentialAction\":[{\"@type\":\"SearchAction\",\"target\":{\"@type\":\"EntryPoint\",\"urlTemplate\":\"https:\/\/aktivitetshuset.vidsel.se\/?s={search_term_string}\"},\"query-input\":\"required name=search_term_string\"}],\"inLanguage\":\"sv-SE\"},{\"@type\":\"WebPage\",\"@id\":\"https:\/\/aktivitetshuset.vidsel.se\/index.php\/gdpr\/#webpage\",\"url\":\"https:\/\/aktivitetshuset.vidsel.se\/index.php\/gdpr\/\",\"name\":\"GDPR -\",\"isPartOf\":{\"@id\":\"https:\/\/aktivitetshuset.vidsel.se\/#website\"},\"datePublished\":\"2021-06-06T19:00:57+00:00\",\"dateModified\":\"2021-07-07T18:50:00+00:00\",\"breadcrumb\":{\"@id\":\"https:\/\/aktivitetshuset.vidsel.se\/index.php\/gdpr\/#breadcrumb\"},\"inLanguage\":\"sv-SE\",\"potentialAction\":[{\"@type\":\"ReadAction\",\"target\":[\"https:\/\/aktivitetshuset.vidsel.se\/index.php\/gdpr\/\"]}]},{\"@type\":\"BreadcrumbList\",\"@id\":\"https:\/\/aktivitetshuset.vidsel.se\/index.php\/gdpr\/#breadcrumb\",\"itemListElement\":[{\"@type\":\"ListItem\",\"position\":1,\"name\":\"Hem\",\"item\":\"https:\/\/aktivitetshuset.vidsel.se\/\"},{\"@type\":\"ListItem\",\"position\":2,\"name\":\"GDPR\"}]}]}<\/script>\r\n<!-- \/ Yoast SEO plugin. -->","yoast_head_json":{"title":"GDPR -","robots":{"index":"index","follow":"follow","max-snippet":"max-snippet:-1","max-image-preview":"max-image-preview:large","max-video-preview":"max-video-preview:-1"},"canonical":"https:\/\/aktivitetshuset.vidsel.se\/index.php\/gdpr\/","og_locale":"sv_SE","og_type":"article","og_title":"GDPR -","og_description":"Vi hanterar personuppgifter i enlighet med dataskyddsf\u00f6rordningen GDPR, l\u00e4s mer p\u00e5\u00a0www.imy.se. Som medlem l\u00e4mnar du ditt samtycke till att vi lagrar dina personuppgifter f\u00f6r att kunna f\u00f6ra medlemsregister och kontakta dig med information g\u00e4llande f\u00f6reningen, dess verksamhet samt l\u00f6pande skicka","og_url":"https:\/\/aktivitetshuset.vidsel.se\/index.php\/gdpr\/","article_modified_time":"2021-07-07T18:50:00+00:00","twitter_card":"summary_large_image","twitter_misc":{"Ber\u00e4knad l\u00e4stid":"1 minut"},"schema":{"@context":"https:\/\/schema.org","@graph":[{"@type":"Organization","@id":"https:\/\/aktivitetshuset.vidsel.se\/#organization","name":"Vidsels Aktivitetshus Ekonomisk F\u00f6rening","url":"https:\/\/aktivitetshuset.vidsel.se\/","sameAs":[],"logo":{"@type":"ImageObject","@id":"https:\/\/aktivitetshuset.vidsel.se\/#logo","inLanguage":"sv-SE","url":"https:\/\/aktivitetshuset.vidsel.se\/wp-content\/uploads\/2021\/06\/Logga2.png","contentUrl":"https:\/\/aktivitetshuset.vidsel.se\/wp-content\/uploads\/2021\/06\/Logga2.png","width":1084,"height":439,"caption":"Vidsels Aktivitetshus Ekonomisk F\u00f6rening"},"image":{"@id":"https:\/\/aktivitetshuset.vidsel.se\/#logo"}},{"@type":"WebSite","@id":"https:\/\/aktivitetshuset.vidsel.se\/#website","url":"https:\/\/aktivitetshuset.vidsel.se\/","name":"Vidsels Aktivitetshus","description":"","publisher":{"@id":"https:\/\/aktivitetshuset.vidsel.se\/#organization"},"potentialAction":[{"@type":"SearchAction","target":{"@type":"EntryPoint","urlTemplate":"https:\/\/aktivitetshuset.vidsel.se\/?s={search_term_string}"},"query-input":"required name=search_term_string"}],"inLanguage":"sv-SE"},{"@type":"WebPage","@id":"https:\/\/aktivitetshuset.vidsel.se\/index.php\/gdpr\/#webpage","url":"https:\/\/aktivitetshuset.vidsel.se\/index.php\/gdpr\/","name":"GDPR -","isPartOf":{"@id":"https:\/\/aktivitetshuset.vidsel.se\/#website"},"datePublished":"2021-06-06T19:00:57+00:00","dateModified":"2021-07-07T18:50:00+00:00","breadcrumb":{"@id":"https:\/\/aktivitetshuset.vidsel.se\/index.php\/gdpr\/#breadcrumb"},"inLanguage":"sv-SE","potentialAction":[{"@type":"ReadAction","target":["https:\/\/aktivitetshuset.vidsel.se\/index.php\/gdpr\/"]}]},{"@type":"BreadcrumbList","@id":"https:\/\/aktivitetshuset.vidsel.se\/index.php\/gdpr\/#breadcrumb","itemListElement":[{"@type":"ListItem","position":1,"name":"Hem","item":"https:\/\/aktivitetshuset.vidsel.se\/"},{"@type":"ListItem","position":2,"name":"GDPR"}]}]}},"_links":{"self":[{"href":"https:\/\/aktivitetshuset.vidsel.se\/index.php\/wp-json\/wp\/v2\/pages\/108","targetHints":{"allow":["GET"]}}],"collection":[{"href":"https:\/\/aktivitetshuset.vidsel.se\/index.php\/wp-json\/wp\/v2\/pages"}],"about":[{"href":"https:\/\/aktivitetshuset.vidsel.se\/index.php\/wp-json\/wp\/v2\/types\/page"}],"author":[{"embeddable":true,"href":"https:\/\/aktivitetshuset.vidsel.se\/index.php\/wp-json\/wp\/v2\/users\/3"}],"replies":[{"embeddable":true,"href":"https:\/\/aktivitetshuset.vidsel.se\/index.php\/wp-json\/wp\/v2\/comments?post=108"}],"version-history":[{"count":32,"href":"https:\/\/aktivitetshuset.vidsel.se\/index.php\/wp-json\/wp\/v2\/pages\/108\/revisions"}],"predecessor-version":[{"id":234,"href":"https:\/\/aktivitetshuset.vidsel.se\/index.php\/wp-json\/wp\/v2\/pages\/108\/revisions\/234"}],"wp:attachment":[{"href":"https:\/\/aktivitetshuset.vidsel.se\/index.php\/wp-json\/wp\/v2\/media?parent=108"}],"curies":[{"name":"wp","href":"https:\/\/api.w.org\/{rel}","templated":true}]}}